ivisor of h and 5?
5
Let l be 9 + (805 + -6 - 6). Suppose 0 = -3*d + 3*w - 486 + 1692, -2*d + l = -w. What is the greatest common divisor of 48 and d?
16
Let t = -1045 - -1450. Calculate the greatest common divisor of t and 765.
45
Let u = -625 + 500. Let w = u - -235. Calculate the greatest common divisor of 242 and w.
22
Suppose g - 57 = -4*v - 1, 2*g - 52 = 4*v. Let h(f) = -51*f - 2001. Let o be h(-41). Calculate the highest common factor of o and g.
18
Let p = 19645 - 19600. What is the highest common factor of p and 240?
15
Suppose -2*f + k = -4*k + 10, -4*k = -8. Suppose f = 3*x - 9, 3*p + 51 = 4*p + x. Suppose -22*v = -23*v + p. Calculate the highest common divisor of 32 and v.
16
Suppose -3*i = -5*t - 46, -2*t - 47 - 55 = -5*i. Suppose 2285 = 47*y - 3402. What is the highest common divisor of y and i?
11
Let q be -5 + (-4)/(-2) + -5*5. Let h = q + 175. Calculate the greatest common divisor of h and 63.
21
Let n(c) = 44*c**2 - 104*c - 554. Let s be n(-5). What is the greatest common factor of s and 104?
26
Suppose -23*p - 22 = -25*p. Let v be (2*(-20)/(-8))/((-2)/(-22)). Calculate the greatest common divisor of v and p.
11
Suppose 44 = -4*t + 64, -4*p + 12011 = -t. What is the greatest common factor of 4 and p?
4
Suppose 0 = 4*n + 3*q - 48142 + 1893, -2*n = 4*q - 23122. What is the highest common factor of 1119 and n?
373
Let g = 4 - 12. Let f be (2 - -1) + g + 114. Let d = f - 77. Calculate the greatest common factor of 128 and d.
32
Let i(t) = -t**3 - 144*t**2 - 1352*t - 91. Let y be i(-134). What is the highest common divisor of y and 82?
41
Suppose 11 + 9 = -2*v. Let x be 122 + 2 + (-10)/v. Calculate the highest common factor of x and 50.
25
Suppose -5*c + 6*c - 16 = 4*h, 0 = 2*c + h - 59. Calculate the highest common factor of 644 and c.
28
Suppose -31*n + 339 - 551 = -4924. What is the greatest common factor of 56 and n?
8
Let q = 37 - 15. Suppose -q*b + 27*b - 150 = 0. Suppose 457*u - 12 = 455*u. What is the greatest common factor of b and u?
6
Suppose -10*s = -9*s - 407. Suppose -s = -7*c + 83. Let w = 108 - c. Calculate the greatest common factor of w and 266.
38
Let r be ((-39)/(-4) + 6)/((-3)/4 + 1). Calculate the greatest common factor of r and 259.
7
Let z be 264/(-154)*686/(-4). Suppose -3*j = -2*w - z, w = -4*j + 22 + 381. Calculate the highest common factor of j and 60.
20
Let v = 1392 + -1380. What is the greatest common factor of v and 564?
12
Let t = -50 - -50. Suppose 3*x - 4*w = 21, t*x - 12 = x + 5*w. Suppose 75 = 5*v - 3*d, -3*d - x = 3*v - 2*v. What is the highest common factor of v and 12?
12
Let i(f) = 9*f**2 - 419*f + 3575. Let c be i(9). Calculate the greatest common factor of c and 1586.
13
Let n = -18 + 22. Suppose 2*i = 4*z - i - 20, -5 = -z + n*i. Suppose 3*r - a = 30, -6 = -z*a + 9. What is the highest common divisor of 55 and r?
11
Let h be (-2)/(-8) + (-63)/(-4). Suppose 3*p + 2*j = 229, 0*p - j = -5*p + 386. Suppose -85*y + p*y + 1024 = 0. What is the highest common divisor of y and h?
16
Let x be (19 - -1)/(4/(-22)). Suppose -268 = 19*j + 112. Let t be (12/j - -1)/((-2)/x). Calculate the highest common divisor of t and 22.
22
Let p(a) = 76*a + 3242. Let z be p(-41). Calculate the greatest common divisor of z and 1407.
21
Suppose -j - 624 = -9*j. Suppose 5*f - 7*f = -j. Let k = 18 - 5. What is the highest common factor of k and f?
13
Let o(m) = -m**2 + 14*m - 23. Suppose 4*q = -0*q + 40. Let d be o(q). Let i = d - -43. What is the highest common factor of i and 12?
12
Let z = -278 - -307. Suppose 7702 = -z*p + 20288. What is the highest common divisor of 14 and p?
14
Suppose -99*k - 40120 = -104*k. Calculate the highest common divisor of 51 and k.
17
Let w(z) = z**2 + 23*z + 5. Let l be w(-23). Suppose -5*d - 5*a + 166 = -2*a, 0 = -5*d + l*a + 190. What is the greatest common factor of d and 595?
35
Let n be (-146)/657 - 12530/(-9). Calculate the greatest common divisor of n and 1160.
232
Let m(c) = 192*c**2 + 84*c - 30. Let u be m(-6). Calculate the greatest common factor of 6 and u.
6
Suppose 0 = -t - 3*t - 3*h + 263, -3*t = -5*h - 219. Let i = -59 + t. What is the greatest common divisor of i and 3?
3
Let p be (210/(-4200))/((-1)/2798) + 2/20. Calculate the highest common factor of p and 80.
20
Let h be (-1*(-6)/(-14))/((-1)/7). Suppose -11*j + 552 = -h*j. Suppose -14*x + 99 = -j. Calculate the greatest common divisor of 96 and x.
12
Let w(a) = 7*a**2 + 3*a - 56. Let p be w(-9). Let l = p - 409. What is the greatest common divisor of 60 and l?
15
Let u(j) = -j + 2. Let f be u(-3). Let g(h) = h**2 + 8*h + 21. Let i be g(-10). Let k be 15/(-75) + i/f. Calculate the greatest common factor of k and 104.
8
Suppose f - 1075 = -5*o, 43*f + 4*o - 3280 = 40*f. Calculate the highest common divisor of 1600 and f.
100
Let q = 284 - 134. Let p = q - 108. Calculate the highest common divisor of 210 and p.
42
Suppose -412*f + 407*f = -c + 37, 4*f - 301 = -5*c. What is the highest common divisor of c and 2413?
19
Let a(m) = -32*m - 1469. Let q be a(-46). Calculate the highest common factor of 83 and q.
1
Let y = 79 + -71. Let z be (-2)/y - 230/40. Let v be 1*25 - 18/z. What is the highest common factor of v and 14?
14
Let r(m) = m + 9. Let d be r(-7). Let p be d*5/10 - -309. What is the highest common divisor of p and 10?
10
Let a = 20 + -3. Let z = -40 + a. Let b be (-18)/(-24)*(1 - z). What is the highest common factor of 90 and b?
18
Let k(h) = h**2 + 60*h - 745. Let j be k(68). Calculate the greatest common factor of j and 21.
21
Suppose 2*p = 5*v + 3 - 1, 0 = 3*v - p + 2. Let w be v/(-4)*-18*-2. Let l(c) = c**3 + c**2 + 198. Let b be l(0). What is the highest common divisor of b and w?
18
Suppose 11*o - 7*o = -80. Let l be o/(-90) - 44*(-29)/9. Let x = l - 87. What is the highest common divisor of x and 5?
5
Let p = -7 + 11. Let v be (-1 - (-4 - -3)) + 3. Suppose 0 = 4*r + 2*t - 30, r - 1 - 10 = v*t. Calculate the greatest common divisor of r and p.
4
Suppose -2*z - 3*p - 195 = -2*p, 5*z = 5*p - 510. Let a be (8 - -1) + 280 + z. Suppose q = 56 + 20. What is the greatest common factor of a and q?
38
Suppose -23 = -v - 4*a, -4*v + 2*a = v - 27. Let j be (-5196)/18 + -5 + 20/12. Let d = j - -320. Calculate the greatest common factor of d and v.
7
Suppose 390 = v + 3*o, -2 = -o + 4. What is the greatest common divisor of 465 and v?
93
Let u(d) = d**3 - 16*d**2 + 47*d - 78. Let l be u(18). Suppose 243 + l = 3*c. What is the greatest common factor of c and 7?
7
Let w(b) = b**3 - 58*b**2 + 651*b - 22. Let q be w(15). What is the highest common divisor of 4 and q?
4
Let x(k) = 18*k**3 - 8*k + 20. Let w be x(4). What is the greatest common divisor of 5 and w?
5
Let q = -5573 - -5782. Calculate the highest common divisor of q and 682.
11
Let f be (-3 + 4)*-10 - (2 + -7). Let c be f + 3 + (553/1)/1. Calculate the greatest common factor of 19 and c.
19
Suppose 0 = -4*t - 4, 0 = -14*o + 19*o - t + 1834. Let g = o - -635. Calculate the greatest common factor of 67 and g.
67
Suppose -3*a + 31 = r, -2*a + 4 = -2*r - 6. Let c(n) = -9 + 28 - 16 + 22*n - a. Let u be c(1). What is the greatest common factor of u and 64?
16
Let l be 1/(-4) - ((-154)/8 - -4). Suppose 0 = -l*t + 5*t - 330. Let n be 629/11 + 6/t. Calculate the greatest common factor of 19 and n.
19
Suppose -3 = -2*b + 1. Suppose -8 = -b*j - 0*j. Suppose -j = -h - 3*h. What is the greatest common divisor of h and 16?
1
Let u(q) = 9 - 166*q - 18 + 0 + 94*q. Let h be u(-8). What is the greatest common factor of 63 and h?
63
Let m be 160/35 + (-18)/(-42) + (-1166)/(-2). What is the greatest common divisor of m and 36?
12
Suppose -162 = 166*y - 173*y - 4*z, 5*y = -z + 112. Calculate the greatest common divisor of y and 33.
11
Let v(a) = -3*a - 2. Suppose 3*y - 9*y = 60. Let g be v(y). Let b = -70 - -154. What is the greatest common divisor of g and b?
28
Let j = 750 + -402. Let s = j - 77. Suppose 7*q - s = 513. What is the greatest common divisor of q and 14?
14
Suppose 705 = 3*n - 525. What is the greatest common divisor of n and 10?
10
Let n = 403 + -403. Suppose -2*s - k + 19 = -26, n = -4*k + 12. What is the highest common factor of s and 7?
7
Let y(z) = -250 + 12*z**2 - 2*z**3 + 45*z + 16*z**2 + 233. Let h be y(15). What is the greatest common factor of h and 